{"id":204946,"date":"2026-04-20T17:58:37","date_gmt":"2026-04-20T17:58:37","guid":{"rendered":"https:\/\/golfm.com.br\/?page_id=204946"},"modified":"2026-04-20T19:37:14","modified_gmt":"2026-04-20T19:37:14","slug":"politica-de-privacidade-2","status":"publish","type":"page","link":"https:\/\/golfm.com.br\/?page_id=204946","title":{"rendered":"Pol\u00edtica de Privacidade"},"content":{"rendered":"\n<h4 class=\"wp-block-heading\">O nosso compromisso<\/h4>\n\n\n\n<p>A Gol FM \u00e9 uma sociedade que rege a sua atividade pela transpar\u00eancia e seguran\u00e7a no tratamento de dados pessoais. Este compromisso transp\u00f5e-se para a rela\u00e7\u00e3o do dia-a-dia com os nossos investidores, parceiros, clientes, fornecedores. A privacidade e a seguran\u00e7a dos dados que nos confia, s\u00e3o para n\u00f3s uma prioridade.<\/p>\n\n\n\n<p>\u00c9 nosso compromisso apenas recolher, armazenar, processar, transmitir ou eliminar dados pessoais dos nossos investidores, parceiros, clientes, fornecedores, com transpar\u00eancia e que esses dados pessoais sejam essenciais para prestar os melhores servi\u00e7os. Informamo-lo como utilizamos os seus dados pessoais e para que objetivos, com a garantia de que recolhemos, partilhamos e guardamos os mesmos tendo como refer\u00eancia as melhores pr\u00e1ticas no dom\u00ednio da seguran\u00e7a e da prote\u00e7\u00e3o dos dados pessoais.<\/p>\n\n\n\n<p>Quando os seus dados pessoais s\u00e3o recolhidos, armazenados, processados, transmitidos ou eliminados por outras entidades, exigimos o mesmo n\u00edvel de privacidade e seguran\u00e7a.<\/p>\n\n\n\n<p>Queremos que se sinta confiante que os seus dados est\u00e3o seguros connosco, pois estaremos sempre comprometidos em proteger a sua privacidade, e assumimos com grande seriedade e empenho as nossas responsabilidades no que respeita \u00e0 prote\u00e7\u00e3o dos seus dados pessoais.<\/p>\n\n\n\n<p>Sempre que tiver qualquer d\u00favida sobre a utiliza\u00e7\u00e3o que fazemos dos seus dados pessoais, estaremos dispon\u00edveis para ajudar a esclarecer atrav\u00e9s dos seguintes meios:<\/p>\n\n\n\n<p>\u2013 Endere\u00e7o Postal: Rua Turiassu, 446 \u2013 1\u00ba Andar \u2013 Perdizes | S\u00e3o Paulo \u2013 SP.05014-010<\/p>\n\n\n\n<p>\u2013 Endere\u00e7o de correio eletr\u00f3nico:&nbsp;contato@golfm.com.br<\/p>\n\n\n\n<p>Poder\u00e1 ainda contatar a nossa Encarregada de Prote\u00e7\u00e3o de Dados atrav\u00e9s do mesmo endere\u00e7o postal e do endere\u00e7o de correio eletr\u00f3nico&nbsp;<a href=\"https:\/\/web.archive.org\/web\/20220922045413\/mailto:epd@golo.fm\" target=\"_blank\" rel=\"noreferrer noopener\">contato@golfm.com.br<\/a><\/p>\n\n\n\n<h4 class=\"wp-block-heading\">O respons\u00e1vel pelos seus dados pessoais<\/h4>\n\n\n\n<p>A Gol FM, com sede Rua Turiassu, 446 \u2013 1\u00ba Andar \u2013 Perdizes | S\u00e3o Paulo \u2013 SP.05014-010, \u00e9 a respons\u00e1vel pelo tratamento dos seus dados pessoais nos termos do Regulamento Geral sobre a Prote\u00e7\u00e3o de Dados e da legisla\u00e7\u00e3o complementar sobre prote\u00e7\u00e3o de dados pessoais em vigor em pa\u00edses em que opera.<\/p>\n\n\n\n<h4 class=\"wp-block-heading\">Dados pessoais que podemos recolher<\/h4>\n\n\n\n<p>Nesta Pol\u00edtica de Privacidade, o termo \u201cDados Pessoais\u201d significa o conjunto de informa\u00e7\u00f5es que se relacionam consigo e que nos permite identifica-lo(a), direta ou indiretamente. Os seus dados pessoais podem incluir, por exemplo, o seu nome, o seu n\u00famero de identifica\u00e7\u00e3o fiscal, os seus contactos (f\u00edsicos ou eletr\u00f3nicos), as suas transa\u00e7\u00f5es e as suas intera\u00e7\u00f5es connosco.<\/p>\n\n\n\n<p>Poderemos ainda receber os seus dados pessoais de outras sociedades, nomeadamente quando estas os recolhem, processam ou armazenam no \u00e2mbito de um contrato de presta\u00e7\u00e3o de servi\u00e7os.<\/p>\n\n\n\n<p>A Gol FM poder\u00e1 recolher as seguintes categorias de dados pessoais:<\/p>\n\n\n\n<p>&nbsp;&nbsp;&nbsp;&nbsp;&nbsp;&nbsp;&nbsp;&nbsp;i. Dados de identifica\u00e7\u00e3o e de contacto do investidor\/acionista \u2013 nome completo ou abreviado, n\u00famero do cart\u00e3o de cidad\u00e3o, n\u00famero de identifica\u00e7\u00e3o fiscal, morada, telefone, e-mail e n\u00famero de a\u00e7\u00f5es detidas;<\/p>\n\n\n\n<p>&nbsp;&nbsp;&nbsp;&nbsp;&nbsp;&nbsp; ii. Dados de identifica\u00e7\u00e3o e de contacto do cliente \u2013 nome completo ou abreviado, morada, telefone, e-mail;<\/p>\n\n\n\n<p>&nbsp;&nbsp;&nbsp;&nbsp; iii.&nbsp; Dados do fornecedor \u2013 no caso de pessoais singulares, nome completo e n\u00famero de identifica\u00e7\u00e3o fiscal; no caso de pessoas coletivas, nome e contactos do representante;<\/p>\n\n\n\n<p>&nbsp;&nbsp;&nbsp;&nbsp; iv.&nbsp; Dados do parceiro \u2013 no caso de pessoais singulares, nome completo e n\u00famero de identifica\u00e7\u00e3o fiscal; no caso de pessoas coletivas, nome e contactos do representante;<\/p>\n\n\n\n<h4 class=\"wp-block-heading\">Como e porque utilizamos os seus dados pessoais<\/h4>\n\n\n\n<p>Usamos os seus dados pessoais com os seguintes objetivos:<\/p>\n\n\n\n<ul class=\"wp-block-list\">\n<li>Presta\u00e7\u00e3o de informa\u00e7\u00e3o em resposta a solicita\u00e7\u00f5es que decorram da rela\u00e7\u00e3o com os investidores\/acionistas e reporte interno;<\/li>\n\n\n\n<li>Operacionaliza\u00e7\u00e3o das a\u00e7\u00f5es de parceria no \u00e2mbito da Responsabilidade Social Corporativa;<\/li>\n\n\n\n<li>Cumprimento de deveres de reporte regulat\u00f3rio;<\/li>\n\n\n\n<li>Cumprimento de a\u00e7\u00f5es e projetos de comunica\u00e7\u00e3o e marca.<\/li>\n<\/ul>\n\n\n\n<h4 class=\"wp-block-heading\">Durante quanto tempo conservamos os seus dados pessoais<\/h4>\n\n\n\n<p>Conservamos os seus dados pessoais apenas durante o per\u00edodo necess\u00e1rio para cumprimento dos objetivos identificados no ponto anterior e para cumprir a lei.<\/p>\n\n\n\n<p>Uma vez atingido o prazo m\u00e1ximo de conserva\u00e7\u00e3o, os seus dados pessoais ser\u00e3o anonimizados ou destru\u00eddos\/eliminados de forma segura.<\/p>\n\n\n\n<h4 class=\"wp-block-heading\">Com quem podemos partilhar os seus dados pessoais<\/h4>\n\n\n\n<p>Em alguns casos podemos divulgar os seus dados pessoais a outras sociedades do universo Golo FM. Nesses casos, exigimos que tenham em vigor as medidas de seguran\u00e7a adequadas para proteger os seus dados pessoais.<\/p>\n\n\n\n<p>Quando exigido por lei, poderemos ter que divulgar os seus dados pessoais a autoridades ou terceiros, sendo que nesses casos o nosso controlo sobre como s\u00e3o protegidos os seus dados pessoais \u00e9 limitado.<\/p>\n\n\n\n<h4 class=\"wp-block-heading\">Como pode exercer os seus direitos de prote\u00e7\u00e3o de dados pessoais<\/h4>\n\n\n\n<p>Em determinadas circunst\u00e2ncias, tem o direito de nos solicitar:<\/p>\n\n\n\n<p>&nbsp;&nbsp;&nbsp;&nbsp;&nbsp;&nbsp;&nbsp;&nbsp;&nbsp;i. Informa\u00e7\u00e3o adicional sobre a utiliza\u00e7\u00e3o que fazemos dos seus dados pessoais;<\/p>\n\n\n\n<p>&nbsp;&nbsp;&nbsp;&nbsp;&nbsp;&nbsp;&nbsp;&nbsp;ii. O acesso aos seus dados pessoais;<\/p>\n\n\n\n<p>&nbsp;&nbsp;&nbsp;&nbsp;&nbsp;&nbsp;iii. Que transmitamos os seus dados pessoais que nos forneceu a outra entidade;<\/p>\n\n\n\n<p>&nbsp;&nbsp;&nbsp;&nbsp;&nbsp;&nbsp;iv.&nbsp; A atualiza\u00e7\u00e3o dos seus dados pessoais;<\/p>\n\n\n\n<p>&nbsp;&nbsp;&nbsp;&nbsp;&nbsp;&nbsp;&nbsp;&nbsp;v.&nbsp; O apagamento dos seus dados pessoais;<\/p>\n\n\n\n<p>&nbsp;&nbsp;&nbsp;&nbsp;&nbsp;&nbsp;vi.&nbsp; A suspens\u00e3o do tratamento dos seus dados pessoais caso se oponha ao mesmo;<\/p>\n\n\n\n<p>&nbsp;&nbsp;&nbsp;&nbsp;vii.&nbsp;&nbsp; A limita\u00e7\u00e3o da forma como utilizamos os seus dados pessoais enquanto os corrigimos ou esclarecemos eventuais d\u00favidas sobre o seu conte\u00fado ou sobre a utiliza\u00e7\u00e3o que deles fazemos;<\/p>\n\n\n\n<p>&nbsp;&nbsp;&nbsp;viii.&nbsp; A disponibiliza\u00e7\u00e3o de um canal para que possa contestar decis\u00f5es tomadas exclusivamente com base no tratamento automatizado dos seus dados pessoais.<\/p>\n\n\n\n<p>Tem ainda o direito de retirar ou alterar, a qualquer momento, o consentimento que nos tenha dado para utilizarmos os seus dados pessoais, quando o tratamento tenha por base o consentimento.<\/p>\n\n\n\n<p>O exerc\u00edcio destes direitos \u00e9 excecionado quando os seus dados pessoais s\u00e3o utilizados para salvaguarda do interesse p\u00fablico, nomeadamente em casos de dete\u00e7\u00e3o e preven\u00e7\u00e3o de crimes, ou quando os mesmos est\u00e3o sujeitos a sigilo profissional.<\/p>\n\n\n\n<p>Para exercer os seus direitos de prote\u00e7\u00e3o de dados pessoais ou sempre que tenha alguma quest\u00e3o sobre a utiliza\u00e7\u00e3o que fazemos dos seus dados pessoais dever\u00e1 contactar-nos atrav\u00e9s dos seguintes meios:<\/p>\n\n\n\n<p>\u2013 Endere\u00e7o Postal: Rua Turiassu, 446 \u2013 1\u00ba Andar \u2013 Perdizes | S\u00e3o Paulo \u2013 SP.05014-010<\/p>\n\n\n\n<p>\u2013 Endere\u00e7o de correio eletr\u00f3nico:&nbsp;contato@golfm.com.br<\/p>\n\n\n\n<p>Poder\u00e1 ainda contactar a nossa Encarregada de Prote\u00e7\u00e3o de Dados atrav\u00e9s do mesmo endere\u00e7o postal e do endere\u00e7o de correio eletr\u00f3nico&nbsp;<a href=\"https:\/\/web.archive.org\/web\/20220922045413\/mailto:epd@golo.fm\" target=\"_blank\" rel=\"noreferrer noopener\">contato@golfm.com.br<\/a><\/p>\n\n\n\n<p>Caso esteja insatisfeito com a forma como utilizamos os seus dados pessoais ou com a nossa resposta \u00e0 sua solicita\u00e7\u00e3o de exerc\u00edcio dos seus direitos, poder\u00e1 apresentar reclama\u00e7\u00e3o \u00e0 Comiss\u00e3o Nacional de Prote\u00e7\u00e3o de Dados (CNPD).<\/p>\n\n\n\n<h4 class=\"wp-block-heading\">Como protegemos os seus dados pessoais<\/h4>\n\n\n\n<p>Dispomos de uma diversidade de medidas de seguran\u00e7a da informa\u00e7\u00e3o, alinhadas com as melhores pr\u00e1ticas nacionais e internacionais, de modo a proteger os seus dados pessoais incluindo controlos tecnol\u00f3gicos, medidas administrativas, t\u00e9cnicas, f\u00edsicas e procedimentos que garantem a prote\u00e7\u00e3o dos seus dados pessoais, impedindo a sua utiliza\u00e7\u00e3o indevida, o acesso e divulga\u00e7\u00e3o n\u00e3o autorizada, a sua perda, a sua altera\u00e7\u00e3o indevida ou inadvertida, ou a sua destrui\u00e7\u00e3o n\u00e3o autorizada. Assumimos em mat\u00e9ria de seguran\u00e7a da informa\u00e7\u00e3o o mesmo compromisso de melhoria cont\u00ednua pelo qual nos pautamos na nossa atividade di\u00e1ria.<\/p>\n\n\n\n<p>Entre outras, destacamos as seguintes medidas:<\/p>\n\n\n\n<p>&nbsp;&nbsp;&nbsp;&nbsp;&nbsp;&nbsp;&nbsp;&nbsp;i. Acesso restrito aos seus dados pessoais apenas por quem deles necessita para os objetivos que nos propusemos acima;<\/p>\n\n\n\n<p>&nbsp;&nbsp;&nbsp;&nbsp;&nbsp;&nbsp; ii. Armazenamento e transfer\u00eancia de dados pessoais apenas de forma segura;<\/p>\n\n\n\n<p>&nbsp;&nbsp;&nbsp;&nbsp; iii. Prote\u00e7\u00e3o dos sistemas de informa\u00e7\u00e3o para impedir o acesso n\u00e3o autorizado aos seus dados pessoais;<\/p>\n\n\n\n<p>&nbsp;&nbsp;&nbsp;&nbsp; iv.&nbsp; Implementa\u00e7\u00e3o de mecanismos que garantem a salvaguarda da integridade e da qualidade dos seus dados pessoais;<\/p>\n\n\n\n<p>&nbsp;&nbsp;&nbsp;&nbsp;&nbsp;&nbsp; v. Monitoriza\u00e7\u00e3o permanente dos sistemas de informa\u00e7\u00e3o, com o objetivo de prevenir, detetar e impedir o uso indevido dos seus dados pessoais;<\/p>\n\n\n\n<p>&nbsp;&nbsp;&nbsp;&nbsp;vi.&nbsp; Redund\u00e2ncia de equipamentos de armazenamento, processamento e comunica\u00e7\u00e3o de dados pessoais, para evitar perda de disponibilidade.<\/p>\n\n\n\n<h4 class=\"wp-block-heading\">Atualiza\u00e7\u00f5es a esta pol\u00edtica de privacidade<\/h4>\n\n\n\n<p>Esta Pol\u00edtica de Privacidade pode ser oportunamente atualizada, o que ser\u00e1 objeto de divulga\u00e7\u00e3o na nossa p\u00e1gina da Internet.<\/p>\n\n\n\n<p><strong>Utiliza\u00e7\u00e3o de Cookies e Pol\u00edtica de Privacidade e Seguran\u00e7a<\/strong><\/p>\n\n\n\n<p><strong>O que \u00e9 um Cookie?<\/strong><\/p>\n\n\n\n<p>\u00c9 um ficheiro que \u00e9 importado para o seu computador ou para outro dispositivo quando acede a determinadas p\u00e1ginas web e que permite a recolha de informa\u00e7\u00f5es acerca da sua navega\u00e7\u00e3o. Em alguns casos, os Cookies s\u00e3o necess\u00e1rios para facilitar a navega\u00e7\u00e3o e permitem guardar e recuperar informa\u00e7\u00f5es acerca dos h\u00e1bitos de navega\u00e7\u00e3o de um utilizador ou do seu equipamento, entre outros. Mediante a informa\u00e7\u00e3o que contenham e a forma como utiliza o seu equipamento, podem ser usados para reconhecer o utilizador.<\/p>\n\n\n\n<p><strong>Identifica\u00e7\u00e3o de Cookies utilizados<\/strong><\/p>\n\n\n\n<p><strong>Cookies de sess\u00e3o<\/strong>&nbsp;\u2013 S\u00e3o tempor\u00e1rios, os cookies s\u00e3o gerados e est\u00e3o dispon\u00edveis at\u00e9 encerrar a sess\u00e3o. Da pr\u00f3xima vez que o utilizador aceder ao seu navegador de internet (browser) os cookies j\u00e1 n\u00e3o estar\u00e3o armazenados. A informa\u00e7\u00e3o obtida permite gerir as sess\u00f5es, identificar problemas e fornecer uma melhor experi\u00eancia de navega\u00e7\u00e3o.<\/p>\n\n\n\n<p><strong>Cookies anal\u00edticos<\/strong>&nbsp;\u2013 Estes cookies s\u00e3o utilizados para analisar a forma como os utilizadores usam o site, permitindo destacar artigos ou servi\u00e7os que podem ser do interesse dos utilizadores, e monitorizar o desempenho do site, conhecendo quais as p\u00e1ginas mais populares, qual o m\u00e9todo de liga\u00e7\u00e3o entre p\u00e1ginas que \u00e9 mais eficaz ou para determinar a raz\u00e3o de algumas p\u00e1ginas estarem a receber mensagens de erro. Estes cookies s\u00e3o utilizados apenas para efeitos de cria\u00e7\u00e3o e an\u00e1lise estat\u00edstica, sem nunca recolher informa\u00e7\u00e3o de car\u00e1cter pessoal.<\/p>\n\n\n\n<p><br><strong>Cookies de funcionalidade<\/strong>&nbsp;\u2013 Os cookies de funcionalidade permitem relembrar as prefer\u00eancias do utilizador relativamente \u00e0 navega\u00e7\u00e3o no site. Assim, n\u00e3o necessita de o reconfigurar e personalizar cada vez que o visita.<\/p>\n\n\n\n<p><strong>Desativa\u00e7\u00e3o de Cookies<br><\/strong>O utilizador pode permitir, bloquear ou eliminar os Cookies instalados no seu equipamento atrav\u00e9s da configura\u00e7\u00e3o das op\u00e7\u00f5es do navegador instalado no seu computador. Por favor, leia atentamente a sec\u00e7\u00e3o de ajuda do seu navegador para saber mais informa\u00e7\u00f5es sobre como ativar o \u201cmodo privado\u201d ou desbloquear determinados Cookies.<\/p>\n\n\n\n<ul class=\"wp-block-list\">\n<li><strong>Internet Explorer:<\/strong>\u00a0Ferramentas -> Op\u00e7\u00f5es de Internet -> Privacidade -> Configura\u00e7\u00e3o. Para mais informa\u00e7\u00f5es, pode consultar o suporte da Microsoft ou a Ajuda do navegador.\u00a0<\/li>\n\n\n\n<li><strong>Firefox:\u00a0<\/strong>Ferramentas -> Op\u00e7\u00f5es -> Privacidade -> Historial -> Configura\u00e7\u00e3o Personalizada. Para mais informa\u00e7\u00f5es, pode consultar o apoio da Mozilla ou a Ajuda do navegador.\u00a0<\/li>\n\n\n\n<li><strong>Chrome:\u00a0<\/strong>Configura\u00e7\u00e3o -> Mostrar op\u00e7\u00f5es avan\u00e7adas -> Privacidade -> Configura\u00e7\u00e3o de conte\u00fado. Para mais informa\u00e7\u00f5es, pode consultar o centro de ajuda do Google ou a Ajuda do navegador.\u00a0<\/li>\n\n\n\n<li><strong>Safari:<\/strong>\u00a0Prefer\u00eancias -> Seguran\u00e7a. Para mais informa\u00e7\u00f5es, pode consultar o suporte da Apple ou a Ajuda do navegador.<\/li>\n<\/ul>\n","protected":false},"excerpt":{"rendered":"<p>O nosso compromisso A Gol FM \u00e9 uma sociedade que rege a sua atividade pela transpar\u00eancia e seguran\u00e7a no tratamento de dados pessoais. Este compromisso transp\u00f5e-se para a rela\u00e7\u00e3o do dia-a-dia com os nossos investidores, parceiros, clientes, fornecedores. A privacidade e a seguran\u00e7a dos dados que nos confia, s\u00e3o para n\u00f3s uma prioridade. \u00c9 nosso [&hellip;]<\/p>\n","protected":false},"author":1,"featured_media":0,"parent":0,"menu_order":4,"comment_status":"closed","ping_status":"closed","template":"","meta":{"footnotes":""},"class_list":["post-204946","page","type-page","status-publish","hentry"],"acf":[],"_links":{"self":[{"href":"https:\/\/golfm.com.br\/index.php?rest_route=\/wp\/v2\/pages\/204946","targetHints":{"allow":["GET"]}}],"collection":[{"href":"https:\/\/golfm.com.br\/index.php?rest_route=\/wp\/v2\/pages"}],"about":[{"href":"https:\/\/golfm.com.br\/index.php?rest_route=\/wp\/v2\/types\/page"}],"author":[{"embeddable":true,"href":"https:\/\/golfm.com.br\/index.php?rest_route=\/wp\/v2\/users\/1"}],"replies":[{"embeddable":true,"href":"https:\/\/golfm.com.br\/index.php?rest_route=%2Fwp%2Fv2%2Fcomments&post=204946"}],"version-history":[{"count":2,"href":"https:\/\/golfm.com.br\/index.php?rest_route=\/wp\/v2\/pages\/204946\/revisions"}],"predecessor-version":[{"id":205041,"href":"https:\/\/golfm.com.br\/index.php?rest_route=\/wp\/v2\/pages\/204946\/revisions\/205041"}],"wp:attachment":[{"href":"https:\/\/golfm.com.br\/index.php?rest_route=%2Fwp%2Fv2%2Fmedia&parent=204946"}],"curies":[{"name":"wp","href":"https:\/\/api.w.org\/{rel}","templated":true}]}}