{"id":204944,"date":"2026-04-20T17:57:57","date_gmt":"2026-04-20T17:57:57","guid":{"rendered":"https:\/\/golfm.com.br\/?page_id=204944"},"modified":"2026-04-20T19:36:05","modified_gmt":"2026-04-20T19:36:05","slug":"responsabilidade-ambiental","status":"publish","type":"page","link":"https:\/\/golfm.com.br\/?page_id=204944","title":{"rendered":"Responsabilidade Ambiental"},"content":{"rendered":"\n<p>Atualmente, as empresas e organiza\u00e7\u00f5es em geral n\u00e3o podem manter uma estrat\u00e9gia de crescimento sem incorporarem na sua gest\u00e3o os princ\u00edpios do desenvolvimento sustent\u00e1vel. Na Gol FM apostamos num desenvolvimento que permite n\u00e3o s\u00f3 a satisfa\u00e7\u00e3o das nossas atuais necessidades, mas tamb\u00e9m as necessidades das gera\u00e7\u00f5es futuras.<\/p>\n\n\n\n<p>A via do desenvolvimento sustent\u00e1vel da Gol FM baseia-se num s\u00f3lido respeito pelo ambiente e numa crescente responsabilidade social.<\/p>\n\n\n\n<p>Trabalhamos continuamente para reduzir o impacto ambiental da nossa atividade, seja atrav\u00e9s de uma adequada gest\u00e3o dos consumos de recursos naturais, energia, res\u00edduos e mat\u00e9rias-primas, seja atrav\u00e9s da sensibiliza\u00e7\u00e3o dos nossos colaboradores e clientes para a quest\u00e3o ambiental.<\/p>\n","protected":false},"excerpt":{"rendered":"<p>Atualmente, as empresas e organiza\u00e7\u00f5es em geral n\u00e3o podem manter uma estrat\u00e9gia de crescimento sem incorporarem na sua gest\u00e3o os princ\u00edpios do desenvolvimento sustent\u00e1vel. Na Gol FM apostamos num desenvolvimento que permite n\u00e3o s\u00f3 a satisfa\u00e7\u00e3o das nossas atuais necessidades, mas tamb\u00e9m as necessidades das gera\u00e7\u00f5es futuras. A via do desenvolvimento sustent\u00e1vel da Gol FM [&hellip;]<\/p>\n","protected":false},"author":1,"featured_media":0,"parent":0,"menu_order":4,"comment_status":"closed","ping_status":"closed","template":"","meta":{"footnotes":""},"class_list":["post-204944","page","type-page","status-publish","hentry"],"acf":[],"_links":{"self":[{"href":"https:\/\/golfm.com.br\/index.php?rest_route=\/wp\/v2\/pages\/204944","targetHints":{"allow":["GET"]}}],"collection":[{"href":"https:\/\/golfm.com.br\/index.php?rest_route=\/wp\/v2\/pages"}],"about":[{"href":"https:\/\/golfm.com.br\/index.php?rest_route=\/wp\/v2\/types\/page"}],"author":[{"embeddable":true,"href":"https:\/\/golfm.com.br\/index.php?rest_route=\/wp\/v2\/users\/1"}],"replies":[{"embeddable":true,"href":"https:\/\/golfm.com.br\/index.php?rest_route=%2Fwp%2Fv2%2Fcomments&post=204944"}],"version-history":[{"count":2,"href":"https:\/\/golfm.com.br\/index.php?rest_route=\/wp\/v2\/pages\/204944\/revisions"}],"predecessor-version":[{"id":205045,"href":"https:\/\/golfm.com.br\/index.php?rest_route=\/wp\/v2\/pages\/204944\/revisions\/205045"}],"wp:attachment":[{"href":"https:\/\/golfm.com.br\/index.php?rest_route=%2Fwp%2Fv2%2Fmedia&parent=204944"}],"curies":[{"name":"wp","href":"https:\/\/api.w.org\/{rel}","templated":true}]}}